{"id":169,"date":"2025-04-23T09:27:26","date_gmt":"2025-04-23T09:27:26","guid":{"rendered":"http:\/\/www.teatterineliapila.fi\/?page_id=169"},"modified":"2025-06-13T14:26:22","modified_gmt":"2025-06-13T14:26:22","slug":"historian-havinaa","status":"publish","type":"page","link":"https:\/\/www.teatterineliapila.fi\/index.php\/historian-havinaa\/","title":{"rendered":"Historian havinaa"},"content":{"rendered":"\n<div class=\"wp-block-columns is-layout-flex wp-container-core-columns-is-layout-28f84493 wp-block-columns-is-layout-flex\">\n<div class=\"wp-block-column has-custom-color-4-color has-text-color has-background has-link-color wp-elements-48dcb352b96ad4e816f9d34ded407417 is-layout-flow wp-block-column-is-layout-flow\" style=\"background:linear-gradient(180deg,rgb(254,254,254) 38%,rgb(255,248,166) 100%,rgb(255,255,255) 100%,rgb(155,81,224) 100%)\">\n<div class=\"wp-block-group has-global-padding is-content-justification-left is-layout-constrained wp-container-core-group-is-layout-672abc19 wp-block-group-is-layout-constrained\">\n<h2 class=\"wp-block-heading\">Teatteri Neliapilan historiikki<\/h2>\n\n\n\n<p>Olemme sitoutumaton oululainen teatteriyhdistys, joka on Suomen harrastajateatteriliiton j\u00e4sen. Olemme tehneet v. 2022 teatteritoiminnastamme historiikin. Historiikin avulla p\u00e4\u00e4set tutustumaan toimintaamme ja sen taustoihin syv\u00e4llisemmin. <\/p>\n<\/div>\n\n\n\n<div class=\"wp-block-buttons is-content-justification-center is-layout-flex wp-container-core-buttons-is-layout-a89b3969 wp-block-buttons-is-layout-flex\">\n<div class=\"wp-block-button has-custom-width wp-block-button__width-50 is-style-fill\"><a class=\"wp-block-button__link has-custom-color-2-color has-custom-color-5-background-color has-text-color has-background has-link-color wp-element-button\" href=\"https:\/\/teatterineliapila.fi\/uploads\/1\/4\/0\/7\/140720683\/teatteri_neliapilan_historiikki.pdf\" target=\"_blank\" rel=\"noreferrer noopener\"><strong>Tutustu historiikkiin<\/strong><\/a><\/div>\n<\/div>\n<\/div>\n\n\n\n<div class=\"wp-block-column is-layout-flow wp-block-column-is-layout-flow\">\n<figure class=\"wp-block-image size-full\"><a href=\"https:\/\/teatterineliapila.fi\/uploads\/1\/4\/0\/7\/140720683\/teatteri_neliapilan_historiikki.pdf\" target=\"_blank\" rel=\" noreferrer noopener\"><img loading=\"lazy\" decoding=\"async\" width=\"886\" height=\"732\" src=\"http:\/\/www.teatterineliapila.fi\/wp-content\/uploads\/2025\/05\/historiikki-teatteri-neliapila_orig.jpg\" alt=\"\" class=\"wp-image-842\" srcset=\"https:\/\/www.teatterineliapila.fi\/wp-content\/uploads\/2025\/05\/historiikki-teatteri-neliapila_orig.jpg 886w, https:\/\/www.teatterineliapila.fi\/wp-content\/uploads\/2025\/05\/historiikki-teatteri-neliapila_orig-300x248.jpg 300w, https:\/\/www.teatterineliapila.fi\/wp-content\/uploads\/2025\/05\/historiikki-teatteri-neliapila_orig-768x635.jpg 768w\" sizes=\"auto, (max-width: 886px) 100vw, 886px\" \/><\/a><\/figure>\n<\/div>\n<\/div>\n","protected":false},"excerpt":{"rendered":"<p>Teatteri Neliapilan historiikki Olemme sitoutumaton oululainen teatteriyhdistys, joka on Suomen harrastajateatteriliiton j\u00e4sen. Olemme tehneet v. 2022 teatteritoiminnastamme historiikin. Historiikin avulla p\u00e4\u00e4set tutustumaan toimintaamme ja sen taustoihin syv\u00e4llisemmin.<\/p>\n","protected":false},"author":1,"featured_media":0,"parent":0,"menu_order":0,"comment_status":"closed","ping_status":"closed","template":"","meta":{"footnotes":""},"class_list":["post-169","page","type-page","status-publish","hentry"],"_links":{"self":[{"href":"https:\/\/www.teatterineliapila.fi\/index.php\/wp-json\/wp\/v2\/pages\/169","targetHints":{"allow":["GET"]}}],"collection":[{"href":"https:\/\/www.teatterineliapila.fi\/index.php\/wp-json\/wp\/v2\/pages"}],"about":[{"href":"https:\/\/www.teatterineliapila.fi\/index.php\/wp-json\/wp\/v2\/types\/page"}],"author":[{"embeddable":true,"href":"https:\/\/www.teatterineliapila.fi\/index.php\/wp-json\/wp\/v2\/users\/1"}],"replies":[{"embeddable":true,"href":"https:\/\/www.teatterineliapila.fi\/index.php\/wp-json\/wp\/v2\/comments?post=169"}],"version-history":[{"count":18,"href":"https:\/\/www.teatterineliapila.fi\/index.php\/wp-json\/wp\/v2\/pages\/169\/revisions"}],"predecessor-version":[{"id":1015,"href":"https:\/\/www.teatterineliapila.fi\/index.php\/wp-json\/wp\/v2\/pages\/169\/revisions\/1015"}],"wp:attachment":[{"href":"https:\/\/www.teatterineliapila.fi\/index.php\/wp-json\/wp\/v2\/media?parent=169"}],"curies":[{"name":"wp","href":"https:\/\/api.w.org\/{rel}","templated":true}]}}